 = 8, 0 = -5*g + 2*q + 5363. What is the greatest common factor of g and o?
63
Let j(w) = w**3 - 3*w**2 - 56*w + 20. Let x be j(9). Suppose 4*s = 374 + 154. Suppose x*m + 0*m - s = 0. What is the highest common divisor of 22 and m?
22
Let z(w) = -4*w**3 + 10*w**2 - 7*w + 6. Let s be z(4). Let n = s + 130. Calculate the greatest common factor of n and 20.
4
Let l(n) = 7*n - 3. Let u be l(2). Let x(r) = 4*r**2 + 13*r - 2. Let f be x(-4). Suppose -330 = -5*a - f*a. Calculate the highest common divisor of u and a.
11
Suppose 0 = l - 5*n - 695, 1334 = l - n + 663. Calculate the highest common divisor of 35 and l.
35
Suppose k = 4*c + 23, 3*k = -2*c - 16 + 1. Let a be 1085/(-25) + c/10. Let t be 5/(2 - (4/a + 2)). What is the highest common divisor of 5 and t?
5
Let s be (-18)/45 + 547/5. Let m = 114 - s. Calculate the highest common factor of m and 215.
5
Suppose -4*o + 1600 = 4*t, -3*o - 1198 = -6*o - t. What is the greatest common divisor of o and 57?
57
Let p be ((-17)/5 + 3)/((-20)/350) - -22480. What is the greatest common factor of p and 199?
199
Let r = -21 - -66. Suppose r*z - 97 = 623. Let g = -16 + 32. Calculate the greatest common divisor of z and g.
16
Let x be (10/2)/(-3 - 8/(-2)). Suppose 30 = x*v - 80. Calculate the greatest common factor of 209 and v.
11
Let d be 0/(2/(-6)*3). Suppose d = -10*f - 2*f + 192. What is the greatest common divisor of 72 and f?
8
Let t be (-4)/(4/(-2)) - 1*-31. Suppose -b + t - 7 = 0. What is the greatest common divisor of 234 and b?
26
Suppose 33*g - 24*g + 351*g = 1539000. What is the highest common factor of g and 27?
9
Suppose -4*q + 1932 = k, -4*q = -495*k + 492*k - 1916. Calculate the highest common factor of q and 2.
2
Suppose -72*f = -80*f + 96. Suppose -f*m + 9*m - 114 = -2*y, 0 = -2*y + 2*m + 116. Calculate the greatest common factor of y and 40.
20
Let k = 1 + -16. Let s(d) = -11*d + 1612. Let v be s(0). Let g be 9/k + v/20. Calculate the highest common divisor of g and 8.
8
Suppose 158*g - 162*g = 0. Suppose -11*b + 3*b + 80 = g. What is the greatest common factor of b and 40?
10
Suppose -72 - 36 = -9*u. Suppose -5*b + 0*k - 5*k = -35, 4*k - u = 0. Calculate the highest common divisor of 64 and b.
4
Let c be ((-36)/22)/((-33)/242). Calculate the greatest common factor of 124 and c.
4
Suppose 4*p + 124 = 4*d, -4*d - 4*p = 5 - 97. Let r = 14 - 12. Let l be 3*(-1)/(-2)*r. What is the highest common factor of l and d?
3
Let n = 272 + -113. Let k = n + -63. Suppose 0 = -4*j - 2*x + k, 0*j = -j - x + 23. Calculate the highest common factor of j and 175.
25
Suppose -7*p = -21 - 28. Let i = p - -60. Calculate the greatest common factor of 469 and i.
67
Let r(t) = 3*t**2 - 23*t + 12. Suppose -l + 54 - 11 = 5*j, 5*j - 5*l - 55 = 0. Let n be r(j). Calculate the greatest common divisor of n and 3.
3
Let i(o) = o**2 - 24*o - 761. Let x be i(43). Let p(u) = -u**3 - 6*u**2 + 7. Let l be p(-7). What is the highest common factor of l and x?
56
Suppose -151 = -4*z + 5*l + 10, -91 = -2*z - l. Let b = z - 16. What is the highest common divisor of 196 and b?
28
Let c(h) = 5*h**2 - 89*h - 124. Let m be c(-31). Calculate the greatest common factor of 6 and m.
6
Let g be ((-18)/2)/(-41 - (-4692)/115). What is the greatest common factor of g and 252?
9
Suppose 9*c - 10*c + 56 = 4*u, -3*u - 3*c + 51 = 0. Suppose 4*k - 4*s + u = 113, 2*k = -5*s + 15. Calculate the highest common divisor of k and 15.
5
Let i be 11 + 9 + 0 + 45/5. What is the highest common divisor of i and 4727?
29
Let w = -3101 + 3491. What is the highest common factor of w and 40?
10
Let a(s) = -18*s - 105. Let n be a(-20). Let z = -39 + n. Calculate the greatest common divisor of z and 27.
27
Let m be 6 + -5 - 30 - -1. Let a be (-12)/m - (-1024)/28. Calculate the highest common divisor of a and 74.
37
Let t = 31 + -12. Suppose -2*d = -t - 1. Let i be (1056/(-198))/(1/(-15)). Calculate the greatest common factor of i and d.
10
Suppose 11*b - 961 + 4492 = 0. Let a = b - -654. What is the greatest common factor of 37 and a?
37
Suppose 2067 = -3*m + 4*z + 6394, -2*m - 2*z = -2866. What is the highest common factor of 3 and m?
3
Suppose 5*j = 10*j - 225. Suppose 5*p + 2*w - 86 = 0, 5*w - j = -5*p + 35. Let u = 89 - 53. What is the greatest common factor of u and p?
18
Let s = 2531 - 1678. Let m = -603 + s. Suppose -4*w = 6*w - m. What is the greatest common factor of 15 and w?
5
Let t(j) be the first derivative of 5*j**4/4 + 2*j**3/3 - 13*j**2/2 + 24*j + 7. Let m be t(4). Calculate the greatest common divisor of 12 and m.
12
Let n = -544 - -556. Let g be 0/1 + 1 + 4. Suppose 4*k + n = g*k. What is the greatest common divisor of 3 and k?
3
Let f = 10 - 1. Suppose -f*b = 10 - 37. Let v = 340 + -289. What is the greatest common factor of v and b?
3
Let p(x) = -6711*x - 4154. Let d be p(-4). Calculate the highest common factor of 10 and d.
10
Suppose 21662 = 5*k + 2*i - 3*i, -5*i = -5*k + 21670. Let c be k/60 + 2*1/(-10). Let d = -53 + c. Calculate the greatest common divisor of 19 and d.
19
Suppose 2*q = 10, 7*t - 6*t = -4*q + 3094. What is the greatest common divisor of 58 and t?
58
Let s(i) = -11*i**2 + 13*i + 44. Let l be s(-5). Let m = -234 - l. Calculate the highest common factor of 279 and m.
31
Suppose 5*t + 5*j + 1458 = j, -5*t + 4*j = 1482. Let d be (1/3 - 2)/(35/t). Calculate the highest common factor of 42 and d.
14
Suppose 27*d - 37009 - 44072 = 0. Calculate the highest common divisor of 39 and d.
39
Let y be 0 + 4 + -14 - (-2169820)/178. Calculate the greatest common factor of y and 1470.
210
Suppose 14*a - 9*a + 5*y = 1405, a - 273 = 3*y. What is the greatest common factor of a and 62?
31
Let d(f) = -2*f**3 - 12*f**2 + 65*f - 130. Let s be d(-10). Calculate the greatest common factor of s and 1448.
4
Let y(v) = -v**3 + 10*v**2 + 5*v + 13. Let l be y(10). Calculate the greatest common divisor of l and 1932.
21
Suppose k + 12 + 53 = -4*f, -2*k = 2*f + 28. Let d(l) = 4*l**3 + 68*l**2 + 13. Let y be d(f). What is the highest common divisor of 52 and y?
13
Let v = 2517 + 21772. What is the greatest common divisor of 107 and v?
107
Let m(y) = -3*y**2 - 258*y - 63 + 350*y - 5. Let z be m(29). Suppose 4*k - 11 = 3*k - 5*b, 3*k = -3*b + 33. What is the greatest common divisor of k and z?
11
Let g = 3359 + -2855. Calculate the highest common factor of 2688 and g.
168
Suppose -5*g + 16 = -9*g, 5*j - 4*g = -4. Let f be -15*(-1)/3*j/5. Let y be (-2)/(0 - f/(-80)). What is the highest common factor of y and 80?
40
Let l be (15/9)/((-1)/(-27)). What is the greatest common factor of l and 75?
15
Let w = 92 + -93. Let d be 210/(-63)*(w + (-86)/10). What is the highest common divisor of 40 and d?
8
Let x be (((-12)/(-8))/(9/2))/(1/42). Let q = 91 + -35. What is the greatest common factor of x and q?
14
Let o be 4/(-26) + -111*76/(-247). Calculate the highest common factor of o and 122.
2
Let s be 1*(18 + 12/18*-12). What is the highest common factor of 18 and s?
2
Let f = 168 + 226. Let y = 457 - f. What is the highest common divisor of 56 and y?
7
Let b = 721 + -668. What is the greatest common factor of 583 and b?
53
Suppose -30*w = -42*w + 8400. Suppose -119 - w = -9*x. Calculate the highest common factor of x and 28.
7
Suppose 1262*d = 1257*d + 315. What is the highest common factor of 288 and d?
9
Let a be -3 - (-18)/4*2. Let c = -3536 + 3545. What is the greatest common divisor of c and a?
3
Let p = 3920 - 3700. Calculate the highest common factor of 160 and p.
20
Suppose -16039 + 33919 = 613*u - 59358. Let y be (2*-3)/(2/(-18)). Calculate the highest common factor of y and u.
18
Let b(q) = 2*q**2 + 17*q - 1. Suppose -5*a - 135 = 10*a. Let p be b(a). What is the greatest common divisor of p and 212?
4
Let m be (5*-4)/((-4)/10). Let g(q) = -52*q - 672. Let d be g(-13). Suppose -d*f - m = -6*f. Calculate the greatest common divisor of 225 and f.
25
Suppose 3*h + 3*i - 13 = 5, -4*i = -2*h + 18. Let y(z) = -3 - 4 - h - 9*z. Let q be y(-3). What is the highest common factor of q and 91?
13
Let u(b) = 3*b + 11*b**3 + b**2 - 7 + 5 - 4*b**2. Let c(q) = q**2 + 7*q + 8. Let a be c(-1). Let i be u(a). What is the greatest common divisor of i and 16?
16
Let q = -8230 + 8256. What is the highest common divisor of 7306 and q?
26
Suppose -44 + 19 = -5*f. Suppose -f*q